se 0 = -3*u - y*z + 47, 9*u - 4*z = 8*u - 11. Calculate the highest common divisor of u and 243.
9
Let w(s) = s**3 - 72*s**2 + 212*s - 98. Let b be w(69). What is the highest common factor of b and 38?
19
Let w(g) = 4*g - 69. Let y be w(20). Suppose a - y = 2*z, 4*a + 0*a = 2*z + 14. Calculate the highest common factor of 23 and a.
1
Let p(g) = 49*g - 4. Let a be p(6). Let d = -218 + a. Calculate the greatest common divisor of 90 and d.
18
Let q(n) = -55*n + 233. Let k be q(-7). Let y = k + -555. What is the greatest common divisor of y and 504?
63
Suppose -34*s - 142*s + 202232 = 34328. What is the highest common factor of 108 and s?
18
Let r(v) = 5*v - 30. Let n be r(14). Let p(g) = 2*g + 320. Let h be p(0). Suppose 2*j - h = j. Calculate the greatest common factor of n and j.
40
Let u(y) = -3*y**2 + 82*y + 391. Let v be u(29). What is the highest common factor of 30 and v?
6
Suppose 5*v - 10 = 0, 0 = -5*x - 0*v + 3*v + 179. Suppose x = 4*y - 7. Let n be ((-30)/(-2))/(y - 10). Calculate the highest common divisor of 105 and n.
15
Let m = -347 - -698. Let r = 395 - m. Calculate the greatest common divisor of 99 and r.
11
Suppose -31 = -n - 0*f + 4*f, -3*n + 5*f = -72. Suppose 9*q - n = 53. Suppose q*s - 11*s = -405. What is the highest common factor of 45 and s?
45
Let h be (-1)/22 + (-12831)/858 - -28. Let b(m) = -29*m**3 + m**2 + 1. Let v be b(-3). What is the highest common factor of v and h?
13
Let k(b) = 122*b - 55. Let q be k(5). Let g be 7/(35/(-10)) - (-98 + 22). Calculate the greatest common factor of g and q.
37
Suppose -98 - 10 = -2*j. Let g = j + -30. Let c = 571 - 565. What is the greatest common divisor of c and g?
6
Let r(p) = 8330*p - 5808. Let w be r(4). What is the greatest common divisor of w and 152?
152
Let y = -633 - -1746. Calculate the greatest common divisor of 21 and y.
21
Suppose -v = -5*v. Suppose v*p = p - 115. Let t(j) = 256*j + 558. Let d be t(-2). Calculate the greatest common divisor of p and d.
23
Suppose -4*z = -0 - 8. Let l(v) = 25*v**2 + 4*v. Let b be l(z). Suppose 3*d - b = d. What is the highest common divisor of d and 6?
6
Let p = 239 - -86. What is the greatest common factor of 400 and p?
25
Suppose 239*u + 15*u - 38862 = 0. What is the greatest common factor of 1853 and u?
17
Let f be (79 + -19)/6 - -33. Calculate the greatest common factor of 215 and f.
43
Let r be 0 - 1*(-6 - -3) - 7. Let i be 10*1/r*(-12)/5. Suppose 4*t + i*t = 660. Calculate the greatest common divisor of t and 6.
6
Let l = -132754 + 132756. Suppose 32 = 2*h + 2*h. Calculate the highest common divisor of h and l.
2
Suppose -d + 56 = -24*a + 25*a, 0 = -3*a - 4*d + 168. Let b = 532 - -84. What is the highest common divisor of a and b?
56
Let l be 2 + 21/42*(-1 + 5). Suppose -4*k = 2*x - 736, 0 = l*x - k - 2*k - 1527. Calculate the greatest common factor of 14 and x.
14
Let n be (7 + -1145)*(-1)/2. Let w = n + -151. What is the highest common divisor of 38 and w?
38
Let h = -5661 - -5851. Calculate the greatest common factor of 3838 and h.
38
Let u(y) = 2*y. Let r be u(7). Suppose 2*q - 399 = -7*p, q - 18 = -p + 169. What is the highest common factor of r and q?
14
Suppose -3*w + 18 = -24. Let k be -2 - (-1 + 1 + 4 + -4). Let i be ((-3)/15 - 486/(-30)) + k. Calculate the greatest common factor of w and i.
14
Suppose -2*l + 0*l + 3*l = 22. Let m = -127 - -226. Calculate the highest common factor of l and m.
11
Let s = 2299 - 2189. Suppose 2*o + 2*o = 5*g - 96, 5*g = 2*o + 98. What is the greatest common divisor of s and g?
10
Let x be (-2)/6 - (-44)/6. Suppose -4*c + 105 = 5*m, -7*m + 5*c - 42 = -9*m. Calculate the greatest common factor of m and x.
7
Suppose 0 = -6*u + 41*u - 2660. Suppose 70*t + 2340 = u*t. Calculate the greatest common divisor of 10 and t.
10
Let s = 2315 + -2299. What is the highest common factor of 848 and s?
16
Let n(b) = -3*b - 8. Let r be n(-7). Let p = -146 - -151. Suppose -4*h + 210 = 2*i, -p*h + 54 = -4*h + 2*i. What is the highest common factor of h and r?
13
Let r(s) = -s**3 - 4*s**2 + 3*s + 15. Let x be 322/(-56) - 6/(-8). Let l be r(x). What is the greatest common divisor of 400 and l?
25
Let w = 286 - 282. Suppose w*k = 415 - 327. Let b(p) = 89*p**3 - p**2 - p + 1. Let v be b(1). Calculate the highest common factor of v and k.
22
Let g be (-4)/(-6) + 685/(-15). Let d = g - -49. Suppose d*b - b - 63 = 0. What is the greatest common divisor of 21 and b?
21
Suppose -2*k + 11 = 5*a - 30, -2*k - 15 = -3*a. Let q(u) = 9*u + 49. Let y be q(-4). Suppose -24 = a*l - y*l. Calculate the greatest common divisor of l and 20.
4
Suppose -3*f + 100 = 2*f. Let t be (3 - -14) + (-96)/(-12) + -7. Let h = f + t. Calculate the greatest common divisor of h and 76.
38
Suppose -63*i + 5949 = -2367. Calculate the highest common divisor of i and 1.
1
Suppose 9*g + 796 = -4*g + 10221. Calculate the greatest common divisor of g and 435.
145
Let r be (-14 - -8) + 24 - 2. Let p(k) = 3*k - 46. Let v be p(r). Calculate the highest common factor of v and 92.
2
Suppose 0 = -5*v - 21*v. Suppose -15 = 4*w - 4*d - 139, -4*w - 5*d + 142 = v. What is the highest common factor of w and 44?
11
Let k = -24 - -38. Let s = k + -13. Let i be ((-114)/9 + s)*-12. What is the greatest common factor of i and 56?
28
Suppose -2*s - 5*o + 34 = 0, -51 = -3*s + 118*o - 123*o. Suppose j = -4*c + 52, 21*c - s*c - 44 = j. Calculate the greatest common factor of c and 102.
6
Let a(t) = t**3 + 3*t**2 - 3*t - 7. Let q be a(-3). Let c(k) = 145*k - 115. Let s be c(q). Calculate the highest common factor of s and 21.
7
Let d be 2/(-5) + ((-2)/2)/(680/(-1781192)). Calculate the greatest common divisor of d and 54.
27
Let g(s) = s**3 - 25*s**2 - 24*s - 41. Let f be g(26). Let k be 385/f*4/10. What is the highest common factor of 10 and k?
2
Let x be 7/2 + (-3 - 10746/(-36)). What is the highest common divisor of x and 26?
13
Let p(x) = -10 + 10*x - 17*x + 4*x - 7*x + 2*x**2. Let s be p(8). Calculate the highest common factor of 190 and s.
38
Let y be (3/(-3))/((-2)/30*1). Let r = y + -14. Let z be 15/20 - r*(-122)/8. What is the greatest common divisor of z and 176?
16
Let m = -44 - -83. Let h(j) = -8*j + 62. Let p be h(8). Let z be (2 + 3/p)*130. Calculate the highest common factor of z and m.
13
Let b be (1 - 1)/2 - -22. Let g(y) = -y**3 + 6*y**2 + 15*y - 12. Let a be g(9). Let h = a - -131. Calculate the greatest common factor of h and b.
11
Suppose 4*q - 2*p = 1184, -2*p = q + 2*q - 888. Suppose -4*o + q = -256. Calculate the greatest common factor of o and 6.
6
Suppose 3*f = -f + 48. Let a(t) = 9*t**3 - 44*t**2 - 27*t + 6. Let p be a(6). Calculate the highest common divisor of p and f.
12
Let t = 250 - 305. Let o = 110 - t. Suppose -66 = -0*x - 2*x. What is the greatest common divisor of x and o?
33
Let j be (-602)/172 + (-1)/(6/(-1929)). Calculate the greatest common factor of j and 204.
6
Let t = -3769 - -4028. Calculate the highest common divisor of t and 7.
7
Let z be 24/14 - (-120)/420 - -278. What is the greatest common divisor of z and 308?
28
Suppose -3*d - 2045 = -2*z, -275*d + 276*d = -z + 1025. What is the highest common divisor of z and 96?
32
Let f = -9 - 4. Let r(s) = s**2 + 13*s + 5. Let w be r(f). Suppose 35 = -w*u + 140. What is the highest common divisor of u and 7?
7
Let x = 8 - 153. Let v = x - -178. What is the greatest common factor of 297 and v?
33
Let t be (-99300)/(-21) + 90/(-182) + (-83)/1079. What is the highest common factor of t and 48?
24
Suppose 0 = 10*j + 4560 - 20060. What is the highest common factor of 50 and j?
50
Let a = 407 - 281. Let q(p) = 2*p - 32. Let y be q(11). Let d be (-2704)/(-65) - (1 + 14/y). What is the highest common factor of d and a?
42
Let f = 66 + -62. Suppose -6*g = -2*g + f. Let p be (g/2)/(45/(-42) - -1). Calculate the highest common divisor of p and 35.
7
Suppose 10*f - 40 = -0*f. Let o(z) = -z**3 + 0*z**2 - 9*z + 5*z - 3*z**2. Let a be o(-4). What is the greatest common factor of a and f?
4
Let x(w) = -w**3 + 78*w**2 + 41*w - 559. Let t be x(78). Calculate the greatest common factor of t and 273.
91
Suppose 3*y + 8 = 5*r, 0 = -4*r + 2*y + 9 - 1. Suppose -508*g - 2772 = -505*g. Let z = 952 + g. Calculate the highest common factor of z and r.
4
Let w be (86 - (4 + -3)) + 3. Let s = w - 39. Let v = 